1
Let f = 1190 + -1195. Let t(w) = -2*w**2 - 7*w + 7. Give t(f).
-8
Suppose -6*b + b + 2*z = -21, 2*b + 5*z - 20 = 0. Suppose -b*c = 2*v + 23, 4*v = -v - 2*c - 5. Let u be (1 - v - 0)/2. Let a(x) = x**2 + x + 5. Determine a(u).
5
Suppose 5*h + 104 = 4*n, 6*n - 5*n - 17 = -h. Let u = 19 - n. Let d(p) = -3*p - 3. Calculate d(u).
3
Let z(l) = -4*l. Let x(o) = 22*o - 11*o - 8*o. Let n(u) = -5*x(u) - 4*z(u). Determine n(6).
6
Let q(o) be the second derivative of o**5/20 + o**4/4 - o**3/6 - 3*o. Let m(j) = -12*j + 10. Let x be m(5). Let s = -53 - x. Calculate q(s).
3
Let i(j) = -2 + 14*j - 6*j**2 + 10*j + 14*j - 2*j**2 - 29*j + j**3. Calculate i(6).
-20
Let i(c) = -4*c**3 + 3 + 7*c**3 - 6*c - 4*c**3 - 7*c**2 - 5. Let g be -1*(-3)/(-9)*(-1 - 2). Let v be (g + 22/(-10))*5. Determine i(v).
-2
Let a(p) be the first derivative of -10*p**3/3 + p**2 - p + 237. Give a(1).
-9
Let b = -233 + 227. Let z(s) be the first derivative of -s**2/2 + s - 2. Calculate z(b).
7
Let s(g) = -10*g - g - 3*g + 0*g + 0 - 25. What is s(-2)?
3
Let r(h) be the third derivative of -h**6/360 + h**5/120 - 5*h**4/12 - 8*h**3/3 - 5*h**2. Let u(d) be the first derivative of r(d). Determine u(0).
-10
Let a(f) = 5*f - 4*f**2 - 5 + f**2 + 4*f**2. Let k = 1 + -6. Calculate a(k).
-5
Let s be (-3)/6*-12 + -2. Suppose 7*d + 3 = -s. Let m(a) = -3*a**2 - 2*a - 1. Give m(d).
-2
Let h(n) = n**2 + 2*n + 5. Let t be h(-5). Let g be (-4)/(-10) - (-32)/t. Let y(v) = 2*v**2 + 1 - 3*v + 5 - 6 + 2. Calculate y(g).
4
Let d(a) = -a**2 - 4*a - 1. Let i(v) = 46*v - 14. Let q be i(-2). Let t = q + 99. Determine d(t).
-22
Let s(n) = -n + 4. Let l(i) = -i. Suppose -3 = 3*p - 4*x, -3*p + 4*x = -2*p + 1. Let h(t) = p*s(t) - 4*l(t). Determine h(-3).
-19
Let n(m) be the third derivative of m**4/24 - m**3/3 - 13*m**2 - 3. Determine n(-5).
-7
Let h(u) be the first derivative of -1/2*u**2 - 4 + 7*u. Determine h(5).
2
Let u(s) = 3*s - 11. Let i be u(5). Let b be 7/(42/i)*-3. Let y(a) = 2 + 5 - 5 + 4*a. Give y(b).
-6
Let a(w) = -9*w + 6. Let z = 326 - 331. Give a(z).
51
Let w(r) be the second derivative of r**5/20 + 4*r**4/3 + 8*r**3/3 + 9*r**2/2 + 184*r + 2. Determine w(-15).
-6
Let d(c) = -1 + 2 + 0 + 2*c. Suppose -b = 4*n - 10, -4*n + b - 8 + 14 = 0. Let y be ((-8)/(-3))/(n/3). What is d(y)?
9
Let n be 1/(-2)*1*(-8)/4. Let h(x) = x - 1. Let m be h(n). Let s(k) = k**2 + k - 1. Determine s(m).
-1
Suppose -27*u = -23*u. Suppose u = 2*v - 0 + 4. Let n(b) = 7*b + 4. Let w(p) = -7*p - 5. Let d(k) = -3*n(k) - 2*w(k). Determine d(v).
12
Let x = -1183 - -1189. Let k(q) = q**2 - 5*q. Determine k(x).
6
Suppose -4*n = 5*k + 3, 15 = 4*n + n. Let l(a) be the second derivative of -5*a**3/6 + a**2 + 2*a - 251. Determine l(k).
17
Let w(r) = 351*r - 2 + 342*r - 692*r. Determine w(11).
9
Let v(d) = 0 + 0 - 3*d - d**2 - 2. Suppose 0 = 11*g + 11 + 11. Calculate v(g).
0
Let t(f) be the first derivative of f**2/2 - 6*f - 6. Let r = 18 + -8. Suppose r = 2*x - 2. Determine t(x).
0
Suppose -t = 5*z - 24, -3*t - 1 = -4*z + 3. Let b = -8 + 11. Suppose q + t = b*q. Let v(r) = r**2 + 1. Calculate v(q).
5
Let r(m) = m**2 - 2*m**3 + 196 - 389 + 192. Give r(2).
-13
Let t(n) = n**2 + 5*n - 10. Let u be (24 - 36)*(-2)/(-3). Determine t(u).
14
Let l(v) = -v**3 + v**2 - 2*v + 3. Let c(a) be the second derivative of a**5/20 + 2*a**4/3 + a**3/6 + 5*a**2 + 11*a. Let y be c(-8). Determine l(y).
-5
Let y(l) be the first derivative of l**2/2 - l - 12. What is y(1)?
0
Let u(p) be the first derivative of -p**3/3 - 3*p**2/2 - 6*p - 1471. Let t(a) = -3*a + 2. Let k be t(2). Give u(k).
-10
Let b(p) be the first derivative of 3 - p**2 - 3/2*p**4 - p - 2/3*p**3. Calculate b(-1).
5
Let y(h) = 2 - 5*h + h**2 - 3 - 1. Suppose 8*x = -70 + 390. Let d = x + -35. Determine y(d).
-2
Let a(w) = 3*w - 29. Suppose 2*k = -4*y + 44, 24*k - 18 = -y + 27*k. Give a(y).
7
Let g(f) = -f - 4. Suppose 5*d - 37 = 4*w, w + 5*d - d - 17 = 0. Let k be ((-36)/6)/(w/2). Suppose x = -0 - k. Calculate g(x).
0
Let j(x) = -x**3 - 2*x**2 - x - 39. Let f be j(0). Let b = f + 34. Let t(d) = -4*d - 4. Give t(b).
16
Let g(o) = 2*o**3 - 9*o**2 + 3*o + 5. Let s be g(4). Suppose d - s = 3. Let a(w) = w - 1. Let t(x) = 1. Let p(q) = 5*a(q) + 4*t(q). Give p(d).
19
Let r(z) = 4*z**3 - 12*z**2 - 12*z - 11. Let p(j) = j**3 - j**2 - j - 1. Let a(t) = -3*p(t) + r(t). Give a(10).
2
Suppose -3*w - 28 = -10*w. Let q(b) be the third derivative of -b**5/60 + b**4/24 - 3*b**2. Calculate q(w).
-12
Let i(g) = g**3 - 7*g**2 + 1. Suppose -144 = 21*x - 39*x. Calculate i(x).
65
Let m = 9 - 6. Suppose 0 = 8*x - 5*x + m. Let u(f) = -4*f**2 + 6*f - 6. Let v(l) = -5*l**2 + 7*l - 7. Let i(a) = 6*u(a) - 5*v(a). What is i(x)?
-1
Let w(g) = -g + 2. Let o = 3 + -8. Let c be w(o). Let i(p) = 3 + 5*p + c*p**2 + p**3 - 5 - 2 - 4. Calculate i(-6).
-2
Let z(r) = -23*r - 1 + 46*r - 20*r + 1. What is z(2)?
6
Let o(f) = -f**2 - 3*f + 1. Suppose -20 = -0*v + 4*v. Let g(s) = -2*s - 15. Let m(l) = 3*l + 23. Let d(a) = v*m(a) - 7*g(a). Let u be d(-5). What is o(u)?
-9
Let r(c) be the third derivative of -c**5/60 + 5*c**4/24 + 2*c**3/3 + 6*c**2. Let v(i) = 18*i + 59. Let a be v(-3). Give r(a).
4
Suppose 58 = 4*l + 6. Let k = -5 + -11. Let m = l + k. Let r(f) = f**2 - 4. Give r(m).
5
Let a(d) = -d - 14. Let j be ((-7)/((-56)/80))/(20/8). Calculate a(j).
-18
Let k(t) = -8*t**3 - 14*t**2 - 4*t - 3. Let g(y) = 11*y**3 + 20*y**2 + 6*y + 4. Let c(j) = 5*g(j) + 7*k(j). Let l(x) = x**2 - 2. Let w be l(-2). What is c(w)?
3
Let f(z) = z. Let k(i) = -i. Let y(w) = -f(w) + 5*k(w). Let m be 1*((-36)/(-6))/(-6). Calculate y(m).
6
Suppose 2*w + 3*v - 27 = -9, -4*v + 22 = 2*w. Let o = -16 + 23. Let r(k) = 4*k**3 - 9*k**3 - 3*k**2 + 2*k**2 - o*k**w. What is r(1)?
-13
Let r(q) = q**3 + 7*q**2 - 9*q + 9. Let c be 0 + 1 - -12*(-21)/28. Determine r(c).
17
Let x(k) = k**3 + 3*k**2 + 2. Let q(g) = g - 11. Let h be q(12). Let z be (-2)/(5*((-8)/(-60))/h). Determine x(z).
2
Let q be (-2 + 10)/(88/33). Let g(s) be the first derivative of -s**3/3 + s**2 - 2*s + 1. What is g(q)?
-5
Suppose 3*d + 14 = 5*d. Let p(t) = 3*t - 19. Determine p(d).
2
Suppose -4*b = -16 - 88. Suppose 14*n - b - 58 = 0. Let u(t) = -t**2 + 7*t - 8. Give u(n).
-2
Let b(k) = k - 2. Suppose 335*q + 12 = 341*q. Determine b(q).
0
Let x(r) = -r + 4. Let v(t) = 11*t**2 + 21*t + 7. Let l(b) = -5*b**2 - 10*b - 3. Let p(h) = -13*l(h) - 6*v(h). Let y be p(3). Give x(y).
4
Let a(u) = 12*u**2 - 5*u + 2. Let v = 36 + -43. Let w(z) = -18*z**2 + 7*z - 3. Let h(k) = v*a(k) - 5*w(k). Calculate h(1).
7
Let h(c) = c**2 + 1. Suppose 2*z = j + 7, 0 = j + 2*j + 9. Let t = 8 - 8. Let m = z + t. What is h(m)?
5
Let l(i) = -4*i**2 - 4*i + 6. Let d(y) = -4*y**2 - 5*y + 8. Let m(t) = -3*d(t) + 4*l(t). Let a = -6 + 5. Calculate m(a).
-3
Let p(b) = -6*b - 14*b**2 + 4 - 2 - 4*b + 15*b**2 - 3. Give p(8).
-17
Suppose 0 = -4*a - 2*d + 16, 0 = -4*a + 2*d + 3*d - 12. Let n(o) = -3 + 2 + 155*o - 152*o. What is n(a)?
5
Let x be (-2)/(-8)*(-1*22 - -2). Let v(q) = -q**2 - 9*q - 2. Determine v(x).
18
Let h(p) = 10*p - 12. Let l(b) = -3*b + 4. Let y(x) = 2*h(x) + 7*l(x). Let a be (-201)/(-39) + 2/(-13). Give y(a).
-1
Let i(y) = -y**3 - 7*y**2 - 2*y - 8. Let l(a) = a**3 - 8*a**2 + 5*a + 7. Let d be ((-6)/(-4))/(12/80). Let s = -3 + d. Let o be l(s). Calculate i(o).
6
Let s(u) = u**3 - u**2 - u - 1. Let m be 3/((-294)/28 + 9). Give s(m).
-11
Let b(o) be the second derivative of o**5/20 - o**4/4 - o**3/6 + o**2 - 95*o. Give b(3).
-1
Suppose 3*v - q = -0*v - 10, 4*v + q + 11 = 0. Let n = 11 + v. Let b(o) = o - n*o + 0*o + 0*o. Calculate b(-1).
7
Suppose -5*c + 2*s + 27 = 0, -4*c + c + 2*s = -17. Let p be (-16)/10*c/(-2). Let u(l) = l**3 - 2*l**2 - 4*l - 3. Determine u(p).
13
Let a(t) = -14*t**2 + t - 4. Let i = -2 - -3. Suppose -6*x + 31 = i. Let l(b) = 27*b**2 - b + 7. Let g(j) = x*a(j) + 3*l(j). Calculate g(-1).
10
Let o(s) = 10*s + 1. Suppose -v + 5 = n, n - 2*n = -2*v + 10. Let t(b) = -10*b - 1. Let h(y) = v*t(y) + 4*o(y). Let a be (-30)/26 - (-14)/91. Give h(a).
9
Let r(l) = -l**2 - 3*l + 1. Let f(u) = 2*u**3 - 5*u + 3. Let t be f(1). Give r(t).
1
Let c(p) = 4*p**2 + 2*p + 3. Let x(r) = 11*r**2 + 7*r + 8. Let y be (5 - 1) + -2 - -1. Let m(g) = y*x(g) - 8*c(g). Suppose -19*s + 20 - 96 = 0. What is m(s)?
-4
Let z(w) be the third der